a multiple of 4511?
True
Does 14 divide 165099051?
False
Is 548 a factor of 217677358?
False
Is 3322001 a multiple of 5?
False
Is 50 a factor of 8453150?
True
Does 367 divide 1518360424?
False
Does 58 divide 42884501?
False
Does 20 divide 68155840?
True
Does 79 divide 44180106?
False
Is 25 a factor of 7079679?
False
Does 13 divide 356560370?
False
Does 7 divide 865523505?
True
Is 170 a factor of 29289130?
True
Does 682 divide 116733749?
False
Does 19 divide 336551731?
True
Is 29388142 a multiple of 7?
True
Does 483 divide 16628724?
True
Is 29 a factor of 40769142?
False
Does 14 divide 663519006?
False
Does 10 divide 2277855190?
True
Is 707590195 a multiple of 13?
True
Does 721 divide 19030074?
True
Does 1350 divide 230678550?
True
Does 4 divide 155799959?
False
Does 28 divide 70570859?
False
Does 39 divide 213535725?
True
Is 27037924 a multiple of 54?
False
Does 28 divide 248923416?
True
Does 24 divide 3121056?
True
Is 78354675 a multiple of 828?
False
Is 34 a factor of 185464355?
False
Does 4079 divide 2464564432?
True
Does 6 divide 52270188?
True
Does 3 divide 91680700?
False
Does 166 divide 19345384?
False
Is 74179297 a multiple of 890?
False
Is 39217142 a multiple of 646?
False
Is 20710682 even?
True
Is 618647340 a multiple of 17?
True
Does 491 divide 88839576?
True
Is 5071836 a multiple of 14?
True
Does 92 divide 81525568?
False
Does 34 divide 954632473?
False
Is 137408978 a multiple of 38?
False
Does 2084 divide 2775136259?
False
Is 176 a factor of 211437776?
True
Is 132653164 a multiple of 2471?
True
Does 9 divide 413904892?
False
Does 62 divide 3748184365?
False
Is 25214549 a multiple of 91?
False
Is 946 a factor of 63183391?
False
Is 3582208300 a multiple of 44?
True
Is 97060920 a multiple of 88?
True
Is 127 a factor of 35593655?
True
Is 17810657 a multiple of 192?
False
Is 354 a factor of 185916198?
True
Does 768 divide 45623830?
False
Is 3730287 a multiple of 1483?
False
Is 818 a factor of 1240937084?
True
Is 26451158 a multiple of 4?
False
Does 3783 divide 2332079529?
True
Does 1223 divide 2060983796?
False
Is 59687207 a multiple of 18?
False
Is 80 a factor of 1145322200?
False
Is 10080681 a multiple of 507?
True
Is 25 a factor of 27651500?
True
Does 52 divide 224205183?
False
Is 1499645893 a multiple of 59?
True
Does 3 divide 2777494?
False
Is 195592392 a multiple of 372?
True
Is 201 a factor of 124995225?
False
Is 193442343 a multiple of 1017?
False
Does 38 divide 483429939?
False
Is 2069732893 a multiple of 133?
False
Is 10 a factor of 39257439?
False
Is 25 a factor of 76935633?
False
Is 40874275 a multiple of 403?
True
Is 125 a factor of 33161599?
False
Is 26 a factor of 697936278?
True
Does 2467 divide 291698080?
True
Does 11 divide 2119405377?
False
Is 402 a factor of 33636303?
False
Does 880 divide 77518240?
False
Is 202074242 a multiple of 7321?
True
Is 22 a factor of 20997810?
False
Is 24883885 a multiple of 1885?
True
Does 43 divide 1112769265?
True
Is 1005 a factor of 751283306?
False
Does 241 divide 30656405?
True
Is 677767500 a multiple of 10?
True
Is 7442858 a multiple of 63?
False
Is 155 a factor of 4580296207?
False
Does 17 divide 1103445737?
False
Is 108979961 a multiple of 467?
False
Does 2276 divide 13510336?
True
Is 90 a factor of 81918574?
False
Is 3722847 a multiple of 17?
True
Is 385714 a multiple of 6?
False
Is 17510763 a multiple of 1783?
False
Is 5211 a factor of 562283251?
False
Does 93 divide 23961264?
True
Does 3394 divide 69075642?
False
Does 25 divide 3938225?
True
Is 1458351056 a multiple of 61?
False
Is 501024956 a multiple of 2924?
False
Is 360 a factor of 149191564?
False
Is 176 a factor of 53732408?
False
Is 2240445720 a multiple of 24?
True
Is 231 a factor of 644256706?
False
Is 4518 a factor of 3883704426?
True
Is 779360515 a multiple of 7363?
False
Does 55 divide 8723440?
True
Does 6347 divide 366849214?
False
Does 8706 divide 1364593623?
False
Is 135332757 a multiple of 2181?
False
Does 20 divide 5144245?
False
Does 31 divide 471725641?
False
Is 1608 a factor of 2598030509?
False
Is 124076589 a multiple of 25?
False
Does 1635 divide 30415143?
False
Is 128 a factor of 702022400?
True
Does 103 divide 6188259?
False
Is 22 a factor of 2539502812?
True
Is 407 a factor of 591448330?
True
Is 109668258 a multiple of 8?
False
Is 16688832 a multiple of 816?
True
Is 5 a factor of 119152252?
False
Is 19 a factor of 2111381?
False
Is 76 a factor of 499611688?
True
Does 14607 divide 1269801981?
False
Is 7826 a factor of 270327379?
False
Is 36 a factor of 1771686252?
True
Is 31937201 a multiple of 437?
False
Is 582435909 a multiple of 2173?
False
Does 198 divide 5264140860?
True
Is 863 a factor of 1303809?
False
Is 22 a factor of 73404166?
True
Is 570 a factor of 13510941?
False
Is 8579180 a multiple of 13?
False
Is 12615810 a multiple of 6?
True
Is 78 a factor of 14846320?
False
Does 11 divide 1957611997?
True
Does 6368 divide 1104298747?
False
Is 3338 a factor of 2729561493?
False
Is 2002995459 a multiple of 27?
True
Does 434 divide 122407482?
False
Is 366699075 a multiple of 365?
True
Is 44532072 a multiple of 11?
False
Is 1922133829 a multiple of 140?
False
Is 67 a factor of 20503206?
True
Is 11 a factor of 85333556?
True
Is 43410986 a multiple of 47?
True
Does 240 divide 8402988?
False
Is 413998000 a multiple of 176?
False
Is 46368777 a multiple of 13?
True
Is 803 a factor of 873661031?
False
Does 7 divide 296830233?
True
Does 409 divide 215960589?
True
Is 20 a factor of 6422487?
False
Is 28733092 a multiple of 130?
False
Does 142 divide 86953274?
True
Does 21 divide 47160285?
False
Is 321796503 a multiple of 21?
True
Is 18344174 a multiple of 58?
False
Does 40 divide 3983013160?
True
Does 240 divide 37742815?
False
Does 3 divide 486446580?
True
Is 754 a factor of 1217942986?
True
Is 38468925 a multiple of 25?
True
Is 294641123 a multiple of 7191?
False
Does 6 divide 67688876?
False
Does 49 divide 20450444?
True
Does 40 divide 27373960?
True
Does 235 divide 111657900?
True
Is 87220584 a multiple of 792?
True
Is 553 a factor of 113348051?
False
Does 57 divide 9009306?
True
Is 332367012 a multiple of 1166?
False
Does 1145 divide 108402875?
True
Does 16 divide 38792822?
False
Is 567756715 a multiple of 1674?
False
Does 55 divide 32518092?
False
Is 13 a factor of 1532388?
True
Does 10 divide 1817595150?
True
Is 27 a factor of 39459227?
False
Is 458155310 a multiple of 69?
False
Does 9 divide 58784018?
False
Is 41983657 a multiple of 1336?
False
Is 18753696 a multiple of 96?
True
Is 18699893 a multiple of 10?
False
Does 3615 divide 633514290?
True
Is 397868413 a multiple of 4606?
False
Is 33017961 a multiple of 51?
True
Does 12 divide 364824922?
False
Does 44 divide 34564420?
True
Does 665 divide 5918500?
True
Does 657 divide 24701229?
True
Is 8 a factor of 1606253655?
False
Is 10175460 a multiple of 6?
True
Does 905 divide 1567779465?
True
Is 27498321 a multiple of 12?
False
Is 18775185 a multiple of 429?
True
Does 11 divide 946055?
True
Is 48 a factor of 325593408?
True
Is 4386052149 a multiple of 143?
False
Is 7655 a factor of 40263900?
False
Is 1154004812 a multiple of 34?
True
Is 124 a factor of 198948254?
False
Is 1262 a factor of 2849611724?
False
Is 1488 a factor of 183903879?
False
Does 1062 divide 174661830?
True
Does 15 divide 6925585609?
False
Is 10 a factor of 1710388648?
False
Is 437 a factor of 25829322?
True
Does 3099 divide 1091579364?
True
Is 13 a factor of 139640566?
True
Is 967290056 a multiple of 2168?
True
Does 116 divide 39883932?
True
Is 46 a factor of 8951862?
False
Does 36 divide 58583707?
False
Is 93986172 a multiple of 159?
True
Is 15 a factor of 5334664259?
False
Is 272290908 a multiple of 756?
False
Is 1428964056 a multiple of 6?
True
Is 674 a factor of 497599372?
True
Is 10270388 even?
True
Is 17865602 a multiple of 43?
False
Is 96989135 a multiple of 88?
False
Is 1732372344 a multiple of 9?
True
Does 242 divide 9867550?
True
Is 73362343 a multiple of 109?
False
Is 722757756 a multiple of 7?
True
Does 24 divide 434958638?
False
Is 76741087 a multiple of 124?
False
Is 169 a factor of 2717514423?
True
Does 1896 divide 352874040?
True
Is 1644592915 a multiple of 263?
True
Does 16 divide 285763280?
True
Does 225 divide 716068800?
True
Does 9 divide 210649337?
False
Does 36 di